= -8*p. Suppose -p*x + n = -12146, 6*x + 3*n = x + 15191. Is x a prime number?
True
Suppose o + 0*o - 3 = 4*b, -5*o + 5*b + 15 = 0. Suppose -g - 48 = -n - o*g, -g = 3*n - 159. Let i = 473 - n. Is i prime?
True
Suppose 93644 = 1313*y - 1309*y - 3*u, 0 = 2*y - u - 46826. Is y a composite number?
False
Suppose -11*q = -3*o - 2485690, 3*o + 0*o = -q + 225962. Is q a composite number?
True
Let b(k) = -620*k + 78. Let v be b(-6). Let n = v + -979. Is n a prime number?
True
Suppose 0 = 4*f - 73 + 61. Suppose -3*m + 77 = 2*a, 2*a + 0*a - 47 = f*m. Suppose 2*z - r - a = 769, -2003 = -5*z + r. Is z prime?
True
Is ((-15)/(-45)*52905)/1 a prime number?
False
Let g(y) = -y**3 + 5*y**2 + y - 3. Let p be g(5). Let b be ((-128)/(-224))/((-4)/(-14)). Suppose k = -5*d + 331, 331 = 3*k - p*k - b*d. Is k prime?
True
Is (1 - (-10 - -10))/(487300/487298 + -1) a prime number?
False
Let q = 13061 + -12174. Let r be (6/2)/((-3)/570). Let h = q + r. Is h a prime number?
True
Let c = 35134 + -19014. Let r = 30542 - c. Is r prime?
False
Suppose 7580 = 3*z - 8*z. Is (95/10 - 8)/((-2)/z) composite?
True
Suppose -n + 488 = q, -16*q + n - 977 = -18*q. Is q a composite number?
True
Let d(l) = 73*l - 428. Let a be d(-41). Let s = 5370 + a. Is s prime?
True
Suppose 6*a = 3 + 15. Suppose -a = -8*k + 7*k. Suppose 5*b - 3*b - 774 = 2*z, -5*z + 1193 = k*b. Is b a prime number?
False
Suppose 135*t + 131*t - 22435169 = 27*t. Is t a composite number?
False
Let k(u) = 1916*u**3 + 3*u**2 - 38*u + 58. Is k(3) composite?
True
Suppose 2*w - f = 934 + 917297, -1377329 = -3*w - 2*f. Is w prime?
True
Suppose 0 = 4*k - 0*k - 10600. Let j(g) = -g**3 + 45*g**2 - 88*g + 89. Let o be j(43). Suppose -k = -o*v - 631. Is v a prime number?
True
Suppose 77*a - 472529 = 48068. Is a composite?
False
Suppose 875 = s + 29*v - 31*v, 2*s + v - 1755 = 0. Suppose -883*m + 15198 = -s*m. Is m prime?
False
Let i(g) = -17*g**3 + 45*g**2 - 122*g - 37. Let z(y) = -4*y**3 + 11*y**2 - 30*y - 9. Let b(a) = 6*i(a) - 25*z(a). Suppose -f + 0*f = 8. Is b(f) composite?
False
Let n = 287536 - -435187. Is n a composite number?
False
Let h = -4798 + 8445. Let v = h - 2110. Is v prime?
False
Let c(n) = n**3 + 124*n**2 - 139*n - 249. Is c(-111) a composite number?
True
Let y be (3 - (-206)/(-3))/((-1)/3). Let h = y + -90. Suppose -3*o - 2*o + 567 = -4*w, -o + 4*w + h = 0. Is o prime?
False
Suppose -7*m - 20559 = 26726. Let j = m - -1119. Is j/(-28) - 4/14*1 prime?
False
Let d(y) be the third derivative of y**4/6 - 8*y**3/3 - y**2. Let s be d(3). Is (2073/(-12)*-2)/((-2)/s) prime?
True
Let l(h) = h**3 - 23*h**2 - 46*h - 89. Let i be l(25). Suppose i*w = -13*w + 97992. Is w a prime number?
False
Suppose -69*t + 17757110 + 15942670 - 8018049 = 0. Is t a prime number?
False
Suppose 2*f - 45472 = 99*k - 103*k, 0 = -2*f - 4. Is k a prime number?
True
Let y(v) = v**3 + 6*v**2 - 2*v - 12. Let w be y(-6). Suppose 3*p - p + 6 = 0, w = 2*h + 3*p - 20885. Let a = h + -7254. Is a a prime number?
False
Suppose -m = 0, 4*m - 4968 = -f + 16881. Is f composite?
True
Suppose -114*n + 22377403 = 137*n. Is n a prime number?
True
Suppose -5*c = 2*i - 4076, 0*c - c + i + 818 = 0. Suppose -16*h = -8*h - c. Is (-1)/6 + 263075/h composite?
False
Let o(s) = 3057*s - 10. Let d(w) = 1528*w - 5. Let y(i) = -11*d(i) + 6*o(i). Is y(6) a prime number?
True
Suppose 174033 = -1483*u + 1494*u - 510046. Is u composite?
False
Let s be -1 + 19004/12*21. Suppose 35*u - 7029 - s = 0. Is u a composite number?
False
Let f = -236 + 241. Suppose -5*m = -4*t - 49655, 6*t - 49695 = -f*m + 2*t. Is m a composite number?
True
Suppose 5*y + 49310 = 214655. Let g = -4720 + y. Is g a composite number?
False
Let u(w) = -2*w**2 - 1 + 35*w**2 + w**3 - 74. Is u(-31) composite?
False
Let d(j) = j**2 - 2*j - 1. Let x be d(-2). Let m be ((-7)/14 - -1)*0. Suppose x*v + m*v = 553. Is v prime?
True
Suppose -4*l - 2*k = 546, 0 = 2*l + 3*k - 8*k + 291. Let w be 2/(-4) + l/(-4). Suppose m - 301 = -w. Is m prime?
False
Let r = -19783 + 39948. Let i = 32644 - r. Is i prime?
True
Suppose -2103109 = -25*q - 21*q - q. Is q a composite number?
True
Let g be (-516)/(-48) - (-1)/8*2. Suppose -3*q + 8 - g = 0. Is (q - 18906/(-45)) + 2/(-15) a composite number?
False
Let f(r) = 9*r - 4. Let q be f(1). Suppose -12349 = -s + q*z, -4*s + 26092 + 23304 = 3*z. Is s prime?
False
Let w = 574474 + -267023. Is w a prime number?
True
Let w(l) = 6*l + 7. Let b be w(9). Let p = b + 29. Let a = p - -169. Is a a composite number?
True
Let h be -2 + -2 - 0 - -6. Suppose 2*i + y + 2*y - 2056 = 0, i - h*y = 1028. Let s = i + -387. Is s composite?
False
Let f = 40 - 33. Let q = 127 + f. Is q*11 - (0 - 4) composite?
True
Suppose -13198 = -2*b + 3*m, 36*b - 6599 = 35*b - m. Is b a composite number?
False
Let k(c) = -141 - 76 - 23 + 220*c + 34. Is k(6) prime?
False
Suppose 4*n - 96 = -0*n. Suppose -2*t = 2*c, n = -2*c - 0*c + 4*t. Is (-589 + -2)/(c + (-9)/(-3)) a prime number?
False
Let z = 277 + -261. Is z/(-48) - 25024/(-3) a composite number?
True
Suppose 10*u - 7*u = 9. Let g = -6 + u. Is (1/g - 0) + (-1550)/(-15) a prime number?
True
Let a be ((-24)/(-2))/(1*(3 - 4)). Let m be 0/a - (-2)/(4/10). Suppose -m*y = 5, 5*y + 3238 = f + 2*y. Is f prime?
False
Let l(t) = -6980*t**3 + 8*t**2 + 11*t - 3. Is l(-2) a composite number?
True
Suppose 0 = 3*s + 10*v - 15*v - 11, s - 3 = v. Suppose f + 4*x - s*x = 5151, 4*f - 20586 = x. Is f a composite number?
False
Let x(b) = 353*b**2 - 54*b + 2. Let z be x(-9). Suppose u + 12*u - z = 0. Is u a prime number?
True
Let c be 1 - (7 + -4) - -5. Suppose -5*p - 15472 = -3*n, 2*p + c*n + 2*n = -6164. Let z = -2099 - p. Is z composite?
True
Let a(d) = 3*d**2 - 12*d + 1979. Is a(-98) a composite number?
True
Let p(f) = 11*f**2 + 32*f + 6. Let y(m) = -20*m**2 - 64*m - 13. Let d(z) = 7*p(z) + 3*y(z). Is d(4) a prime number?
False
Suppose r - 4*f = 54605, 4*r - 3*f = 31674 + 186785. Is r prime?
True
Suppose -13*p = -6*p + 59885. Let w(m) = -m**2 + 11*m - 29. Let t be w(7). Is t*p/((-5)/(-1)) composite?
True
Let v(p) = 3*p**2 + 14*p - 1. Let s(u) = u**3 + 4*u**2 - 7*u + 1. Let z be s(-5). Let g be v(z). Suppose -g - 246 = -6*l. Is l prime?
True
Let w(x) = 64*x**2 + 4*x - 9. Let z(j) = -64*j**2 - 3*j + 8. Let g(b) = -6*w(b) - 7*z(b). Let u = 79 + -80. Is g(u) a prime number?
False
Is 1545451/4 - 1 - 550/(-440) composite?
False
Is ((-2481669)/(-99))/((-5)/(-55)) composite?
False
Let x = 19162 + -12809. Suppose 0 = -3*q + 5*v + 3815, -6*q + q + x = -3*v. Suppose q = 13*a - 11*a. Is a prime?
False
Is 0 + 2 + 526192 - 1100/220 a prime number?
True
Suppose 5*h = 20396 - 1056. Suppose -h = -2*x - 622. Suppose 482 - x = -7*y. Is y prime?
True
Let d(k) = 17*k**3 - 10*k**2 + 21*k - 67. Is d(6) a prime number?
True
Let a(s) = 1194*s - 1. Let c be a(-1). Let t = -605 - c. Let b = t - 327. Is b a composite number?
False
Suppose j - 94663 = -8*a, 79*j - 77*j - 2*a - 189380 = 0. Is j prime?
True
Let d(l) = 10*l**2 - 10*l + 12. Let p be d(8). Let m = p + -363. Is 7*(m + (6 - 4)) prime?
False
Let v = 17094 + -8116. Is 6 - 2 - (-1)/2*v a composite number?
False
Is 166/415 - (-403066)/10 a composite number?
True
Let l(a) = -a**2 + 8*a - 4. Let n be l(7). Suppose -3034 = 3*h + 3*t - 11194, -n*h + t = -8172. Is h a composite number?
True
Let t = 115 - 70. Is ((-27)/t)/(4/(-29420)) a composite number?
True
Let q be (60/28 + -3)/(18/(-588)). Is -3*(-153)/18*q/6 a composite number?
True
Let f = 1402977 + -298008. Is f a composite number?
True
Let c(j) = -1. Let w(m) = -61*m + 10. Let p(b) = 2*c(b) - w(b). Suppose 5*g + 4*q = 39, -g + 2*q + 2 = -3*q. Is p(g) prime?
False
Let q = 77536 + -41475. Is q prime?
True
Let h(r) = 1348*r + 450. Is h(22) a prime number?
False
Let i(z) = -7*z + 20 + 34 + 2 - 12. Let l be i(6). Is (13 - 3)*(-2 + 11/l) prime?
False
Suppose -5*a + 9*a + 160 = 0. Is (-53)/2*(14 + a) composite?
True
Let j(h) = 152*h**2 + 4*h + 1. Let s be j(3). Let k = s - 750. Is k composite?
False
Let r(n) = n**3 - 17*n**2 + 29*n + 15. Let q be r(15). Suppose q = 11*p - 19*p + 496. Is p a prime number?
False
Let a(g) = -33*g**3 - 5*g**2 - 2*g + 1. Suppose -4*l = 2*h + 3*h - 5, -2*l + 2 = 2*h. Let z be h + -2 + 5*4/(-10). Is a(z) a prime number?
True
Let o(q) = -796*q + 43. Suppose -87*n + 79*n - 8 = 0. Is o(n) p